test common factor of 180 and 17055?
45
Calculate the greatest common factor of 319 and 116.
29
What is the greatest common divisor of 4 and 148?
4
Calculate the greatest common factor of 323 and 17.
17
What is the greatest common divisor of 852 and 6?
6
What is the highest common divisor of 36 and 24?
12
What is the greatest common divisor of 232 and 290?
58
Calculate the highest common factor of 153 and 27.
9
Calculate the highest common factor of 6 and 128.
2
Calculate the highest common divisor of 572 and 12.
4
Calculate the highest common factor of 775 and 6665.
155
Calculate the highest common divisor of 45 and 17925.
15
Calculate the highest common factor of 60 and 108.
12
Calculate the highest common divisor of 2790 and 90.
90
What is the greatest common divisor of 84 and 4662?
42
Calculate the highest common factor of 19 and 608.
19
What is the greatest common divisor of 107 and 4?
1
What is the greatest common factor of 24 and 8?
8
Calculate the highest common factor of 9 and 12.
3
Calculate the greatest common factor of 15 and 15.
15
What is the greatest common divisor of 128 and 268?
4
Calculate the greatest common factor of 50 and 125.
25
Calculate the greatest common divisor of 9052 and 93.
31
Calculate the greatest common factor of 3476 and 6320.
316
Calculate the highest common factor of 81 and 27.
27
What is the greatest common divisor of 4655 and 55?
5
What is the highest common divisor of 5850 and 117?
117
What is the greatest common divisor of 428 and 2247?
107
What is the highest common divisor of 42 and 78?
6
What is the highest common divisor of 221 and 204?
17
Calculate the greatest common factor of 63 and 144.
9
What is the greatest common divisor of 5584 and 16?
16
What is the greatest common factor of 1318 and 2?
2
Calculate the greatest common factor of 195 and 325.
65
Calculate the greatest common factor of 65 and 55.
5
Calculate the highest common factor of 17 and 187.
17
Calculate the highest common divisor of 23 and 391.
23
Calculate the highest common divisor of 3052 and 98.
14
What is the highest common factor of 266 and 28?
14
What is the greatest common factor of 15 and 2?
1
Calculate the greatest common factor of 51 and 2091.
51
Calculate the greatest common factor of 535 and 3638.
107
What is the greatest common factor of 1625 and 13?
13
What is the greatest common factor of 420 and 245?
35
What is the highest common divisor of 4480 and 28?
28
Calculate the highest common factor of 9348 and 114.
114
Calculate the greatest common factor of 67 and 1608.
67
What is the highest common factor of 160 and 360?
40
Calculate the highest common factor of 60 and 1830.
30
What is the greatest common factor of 585 and 900?
45
What is the greatest common factor of 56 and 32?
8
Calculate the greatest common divisor of 11072 and 519.
173
Calculate the greatest common factor of 75 and 3345.
15
What is the highest common divisor of 610 and 20?
10
What is the highest common factor of 1615 and 51?
17
Calculate the greatest common divisor of 70 and 70.
70
Calculate the greatest common divisor of 1095 and 525.
15
What is the highest common factor of 429 and 39?
39
Calculate the greatest common divisor of 51 and 207.
3
What is the greatest common factor of 192 and 160?
32
Calculate the greatest common divisor of 243 and 36.
9
What is the greatest common divisor of 16456 and 136?
136
Calculate the greatest common divisor of 4 and 948.
4
Calculate the highest common factor of 144 and 5664.
48
What is the greatest common divisor of 111 and 703?
37
Calculate the greatest common divisor of 3 and 187.
1
What is the highest common factor of 832 and 30368?
416
What is the greatest common divisor of 42 and 777?
21
What is the highest common divisor of 242 and 66?
22
Calculate the highest common factor of 64 and 7776.
32
What is the greatest common divisor of 414 and 736?
46
What is the highest common factor of 702 and 6?
6
What is the highest common divisor of 8196 and 12?
12
Calculate the highest common factor of 180 and 960.
60
What is the highest common divisor of 65 and 585?
65
Calculate the greatest common factor of 48 and 512.
16
What is the greatest common factor of 3534 and 570?
114
What is the highest common factor of 93 and 39?
3
What is the highest common divisor of 2236 and 364?
52
Calculate the greatest common factor of 75 and 2775.
75
Calculate the greatest common factor of 57 and 912.
57
Calculate the greatest common divisor of 84 and 644.
28
What is the highest common divisor of 762 and 54?
6
What is the greatest common divisor of 70 and 98?
14
Calculate the greatest common divisor of 1024 and 32.
32
What is the greatest common divisor of 765 and 170?
85
Calculate the greatest common divisor of 1415 and 20.
5
What is the greatest common divisor of 453 and 2?
1
What is the highest common divisor of 20 and 20?
20
Calculate the greatest common divisor of 2285 and 15.
5
What is the greatest common divisor of 574 and 451?
41
Calculate the highest common factor of 14 and 18.
2
What is the highest common divisor of 80 and 15?
5
What is the highest common divisor of 2688 and 60?
12
Calculate the highest common factor of 8248 and 8.
8
What is the greatest common divisor of 28 and 77?
7
What is the highest common divisor of 1674 and 54?
54
Calculate the highest common divisor of 1098 and 45.
9
What is the highest common factor of 90 and 1530?
90
What is the greatest common factor of 26 and 689?
13
Calculate the highest common divisor of 34 and 180.
2
What is the highest common divisor of 100 and 450?
50
What is the highest common divisor of 716 and 6?
2
What is the greatest common factor of 2002 and 539?
77
What is the highest common factor of 8845 and 145?
145
Calculate the highest common factor of 10 and 4430.
10
Calculate the highest common divisor of 1971 and 27.
27
What is the greatest common factor of 76 and 152?
76
Calculate the greatest common factor of 250 and 25.
25
Calculate the highest common factor of 4 and 92.
4
What is the highest common divisor of 44 and 14?
2
Calculate the highest common factor of 286 and 55.
11
What is the highest common factor of 4199 and 38?
19
What is the greatest common divisor of 36 and 11268?
36
What is the highest common factor of 256 and 24?
8
Calculate the highest common divisor of 224 and 7504.
112
What is the greatest common factor of 66290 and 70?
70
Calculate the greatest common factor of 9 and 747.
9
What is the greatest common factor of 1812 and 60?
12
What is the highest common divisor of 117 and 9?
9
Calculate the highest common divisor of 38 and 3629.
19
What is the highest common divisor of 1529 and 11?
11
What is the greatest common factor of 78 and 2106?
78
Calculate the highest common factor of 171 and 4275.
171
Calculate the greatest common divisor of 24 and 40.
8
What is the highest common factor of 21 and 5?
1
What is the highest common divisor of 426 and 5822?
142
Calculate the highest common factor of 112 and 62384.
112
What is the highest common divisor of 7 and 567?
7
What is the greatest common divisor of 3248 and 4669?
203
What is the greatest common factor of 106 and 3127?
53
Calculate the highest common divisor of 85 and 221.
17
What is the greatest common factor of 22 and 306?
2
What is the greatest common factor of 1333 and 1634?
43
Calculate the highest common divisor of 122 and 2.
2
Calculate the highest common divisor of 165 and 715.
55
What is the highest common divisor of 9 and 147?
3
What is the highest common divisor of 152 and 1748?
76
What is the highest common divisor of 5 and 11195?
5
Calculate the greatest common factor of 384 and 672.
96
What is the greatest common divisor of 96 and 36?
12
Calculate the greatest common factor of 20 and 230.
10
What is the greatest common divisor of 3486 and 84?
42
Calculate the highest common factor of 22 and 18194.
22
What is the greatest common factor of 388 and 873?
97
Calculate the highest common divisor of 8 and 2584.
8
Calculate the highest common factor of 8 and 23936.
8
Calculate the highest common divisor of 2491 and 159.
53
Calculate the greatest common factor of 170 and 17.
17
Calculate the highest common divisor of 5 and 1667.
1
Calculate the greatest common factor of 40 and 128.
8
What is the greate